 number?
True
Is 8552429 a composite number?
False
Is 34215503 composite?
True
Is 27647497 a composite number?
True
Is 92569259 a composite number?
True
Is 251086781 a prime number?
False
Is 34045519 composite?
True
Is 70446157 prime?
False
Is 2670973 a prime number?
True
Is 577052813 prime?
True
Is 29872721 a prime number?
True
Is 187755989 a composite number?
True
Is 4878361 a prime number?
True
Is 3462229 prime?
True
Is 398171381 prime?
True
Is 3375791 prime?
False
Is 772771 a composite number?
False
Is 8222111 a prime number?
True
Is 1415307 composite?
True
Is 4816787 a prime number?
True
Is 4051951 composite?
False
Is 73286117 a prime number?
False
Is 45032591 prime?
True
Is 15476177 a prime number?
False
Is 2107093 a prime number?
False
Is 38267839 composite?
False
Is 280193401 a composite number?
False
Is 15170173 prime?
True
Is 1266467 prime?
False
Is 70213007 a prime number?
True
Is 274002461 prime?
False
Is 223336781 composite?
False
Is 7639249 a prime number?
True
Is 700796087 a prime number?
False
Is 33822539 prime?
True
Is 20004923 composite?
False
Is 6723965 composite?
True
Is 7400863 composite?
False
Is 63461461 a composite number?
True
Is 60767507 a prime number?
True
Is 680857 composite?
False
Is 1203359 composite?
False
Is 3780461 a composite number?
True
Is 19850555 a composite number?
True
Is 975941 a prime number?
True
Is 361465499 a prime number?
True
Is 6369233 composite?
True
Is 1554083 prime?
True
Is 37505261 a prime number?
True
Is 21697523 a composite number?
True
Is 222351461 a prime number?
True
Is 35155177 a composite number?
False
Is 724562842 a composite number?
True
Is 550241 composite?
False
Is 17770657 a composite number?
True
Is 36838234 a composite number?
True
Is 127608109 a composite number?
False
Is 1150369 a composite number?
True
Is 91507683 composite?
True
Is 69095843 prime?
True
Is 1851221 composite?
True
Is 210349669 prime?
False
Is 1407731 a composite number?
True
Is 656292773 prime?
True
Is 142638233 a prime number?
True
Is 14241319 a composite number?
True
Is 150758297 a prime number?
True
Is 208646 a composite number?
True
Is 37957279 composite?
False
Is 41434699 composite?
False
Is 590741 a prime number?
True
Is 17095513 a composite number?
False
Is 46239041 composite?
True
Is 13882277 a prime number?
False
Is 95962045 a prime number?
False
Is 1452527 a composite number?
False
Is 5597899 a composite number?
True
Is 28261043 composite?
True
Is 319934522 a composite number?
True
Is 112117 composite?
True
Is 151207607 a prime number?
True
Is 7309741 composite?
False
Is 12321303 prime?
False
Is 118306651 a composite number?
False
Is 314017699 a composite number?
False
Is 61808213 a composite number?
False
Is 28227391 a prime number?
False
Is 18579958 a composite number?
True
Is 806107 a composite number?
False
Is 2520871 composite?
True
Is 19940273 a prime number?
True
Is 8280007 a composite number?
True
Is 2717485 composite?
True
Is 54385297 prime?
True
Is 315373 a prime number?
True
Is 189211357 a composite number?
False
Is 50506259 prime?
True
Is 8397197 a composite number?
False
Is 410701 composite?
False
Is 310692913 prime?
True
Is 15021641 composite?
False
Is 24446647 prime?
False
Is 1021502 a prime number?
False
Is 126916858 prime?
False
Is 6780311 composite?
True
Is 1745879 a prime number?
True
Is 58252027 a composite number?
True
Is 62305517 composite?
True
Is 599213 a composite number?
False
Is 8961547 a prime number?
False
Is 14853721 a composite number?
False
Is 9854774 composite?
True
Is 3503237 composite?
False
Is 2458151 a prime number?
True
Is 2453665 a prime number?
False
Is 7054433 prime?
True
Is 73007691 a prime number?
False
Is 1469231 a composite number?
False
Is 12101359 composite?
True
Is 80456603 prime?
True
Is 500856347 a composite number?
False
Is 1242781 a composite number?
False
Is 3675871 a prime number?
False
Is 60857889 a composite number?
True
Is 13148923 composite?
True
Is 12929843 a prime number?
False
Is 1103573597 composite?
True
Is 1858157 prime?
False
Is 1137686723 prime?
True
Is 1624253 composite?
True
Is 1976594 a composite number?
True
Is 2903383 a prime number?
False
Is 91815959 a composite number?
False
Is 56241481 composite?
True
Is 26622347 a prime number?
False
Is 336651397 composite?
True
Is 36586097 a composite number?
False
Is 25131299 prime?
True
Is 3703699 composite?
True
Is 43345969 a prime number?
False
Is 116544409 composite?
False
Is 867254 a prime number?
False
Is 27375889 composite?
False
Is 636497 composite?
True
Is 28165013 a prime number?
True
Is 1739039 composite?
False
Is 10402563 a prime number?
False
Is 28100693 a composite number?
True
Is 22593049 prime?
True
Is 83773 a prime number?
True
Is 187909789 composite?
True
Is 745027 prime?
True
Is 3732791 a prime number?
True
Is 6273937 a composite number?
False
Is 3837374 a prime number?
False
Is 7168123 a composite number?
True
Is 2589157 a prime number?
False
Is 70643081 prime?
False
Is 9970603 prime?
True
Is 1462519 a composite number?
False
Is 526451 a prime number?
False
Is 3146669 a composite number?
True
Is 14001107 composite?
False
Is 2329091 a prime number?
True
Is 190783757 a composite number?
True
Is 10241999 prime?
True
Is 33911503 composite?
True
Is 136787093 a prime number?
True
Is 16320209 a prime number?
True
Is 63923039 a composite number?
False
Is 800623 a composite number?
False
Is 5956487 a prime number?
False
Is 2506079 a composite number?
False
Is 299927951 composite?
False
Is 50959087 a prime number?
True
Is 11287207 prime?
True
Is 3236407 prime?
True
Is 25831 a prime number?
False
Is 690037 composite?
False
Is 245837 a prime number?
False
Is 7324099 prime?
False
Is 3387749 a composite number?
False
Is 68876377 prime?
False
Is 16108151 prime?
True
Is 2028295 composite?
True
Is 331921 composite?
False
Is 233713 composite?
False
Is 29471623 a composite number?
False
Is 2623409 a prime number?
True
Is 13762943 prime?
True
Is 22293937 composite?
False
Is 38301961 a prime number?
False
Is 120974263 composite?
True
Is 57457699 prime?
False
Is 570383 prime?
False
Is 980117 composite?
False
Is 9488657 a composite number?
True
Is 2758081 composite?
True
Is 4829677 prime?
False
Is 77964709 a prime number?
False
Is 7769677 a composite number?
True
Is 1322899 a prime number?
False
Is 724525565 prime?
False
Is 6487526 prime?
False
Is 1389649 a composite number?
True
Is 48163 a composite number?
False
Is 44054057 a prime number?
False
Is 12659893 prime?
False
Is 23439499 composite?
True
Is 1141627 composite?
True
Is 190905707 a prime number?
True
Is 128322659 a prime number?
False
Is 28145309 composite?
False
Is 2991853 composite?
False
Is 168259519 prime?
True
Is 884159 composite?
False
Is 288227183 a prime number?
True
Is 10368746 a composite number?
True
Is 111939749 a prime number?
True
Is 179017 prime?
False
Is 13622501 composite?
False
Is 11577835 a composite number?
True
Is 54072983 prime?
False
Is 5830655 a composite number?
True
Is 5508497 a composite number?
False
Is 52027483 prime?
False
Is 313104153 prime?
False
Is 1798843 composite?
True
Is 394641557 composite?
False
Is 52286959 composite?
True
Is 316403 a prime number?
True
Is 4160249 a composite number?
True
Is 401378 composite?
True
Is 111494947 composite?
False
Is 20230993 a prime number?
False
Is 17910111 a prime number?
False
Is 171815951 a prime number?
True
Is 3889387 a composite number?
False
Is 1284487 a prime number?
True
Is 376119593 prime?
True
Is 239922687 a composite number?
True
Is 65519093 a composite number?
False
Is 1221091 prime?
False
Is 441934942 a composite number?
True
Is 33253169 a prime number?
False
Is 146547265 composite?
True
Is 11881117 prime?
True
Is 42227051 a composite number?
True
Is 114369415 a prime number?
False
Is 2390849 prime?
True
Is 39064087 a composite number?
False
Is 45221779 composite?
True
Is 315923 composite?
True
Is 17092567 prime?
True
Is 6756707 a composite number?
True
Is 34386449 prime?
False
Is 9355823 a prime number?
False
Is 371368043 composite?
True
Is 5038421 a composite number?
False
Is 130829923 a prime number?
False
Is 6872759 composite?
False
Is 1109083 a composite number?
True
Is 6583847 a prime number?
True
Is 57483293 prime?
False
Is 11858743 prime?